it of a(8)?
9
Suppose -2*m - m = -36. What is the units digit of m?
2
Let f(r) = r**2 + 9*r + 4. Let t be f(-9). Suppose -t*y - 4*h = -8, 2*h = y + 3 - 5. Suppose 0*n + 26 = y*n. What is the tens digit of n?
1
What is the tens digit of 144/10 + (1 - (-7)/(-5))?
1
Let y = 1 - -9. Let d = -2 + y. What is the units digit of d?
8
Let n(m) = -2*m**3 + 12*m**2 - 9*m + 5. Let l(j) = j**3 - 6*j**2 + 4*j - 2. Let x(v) = -7*l(v) - 3*n(v). What is the units digit of x(4)?
7
Suppose 832 = 5*a - 2*h, 3*a = 3*h - 172 + 673. Suppose -4*q - 38 = -a. What is the tens digit of q?
3
Suppose 72 = o + 3*o. What is the tens digit of o?
1
Let l be (-1000)/(-16)*(-8)/10. Let b = 70 + l. What is the tens digit of b?
2
Let i(y) = y**2 + 9*y + 8. Let f be i(-6). Let b(v) = -v**3 - 10*v**2 + v - 13. Let s be b(f). Let q = s - -33. What is the tens digit of q?
1
Suppose -4*t - 2*z + 6 = 0, 5*t - 5*z - 40 = -z. Suppose -4*n + 3*g + 125 = 0, t*n - 84 = g + 35. What is the tens digit of n?
2
Let f(h) = 2*h**3 - h**2 - 3*h + 5. What is the units digit of f(3)?
1
What is the units digit of -543*20/(-50)*(-5)/(-6)?
1
What is the hundreds digit of (0 - 41)*(27 + -32)?
2
What is the tens digit of 25/(1 - 0)*1?
2
Suppose 4*u = 6 + 2. Suppose 7 = k + v, 0*v - 28 = -4*k - 2*v. Suppose -3*x + k = -u*x. What is the units digit of x?
7
Suppose 0 = 5*j + 43 - 253. What is the tens digit of j?
4
What is the tens digit of (-3)/(9/84)*(-38)/8?
3
Let y = 123 + 173. What is the units digit of y?
6
Let p(y) = y**3 - 2*y**2 - 4*y + 3. Let r be p(3). Let a be (1 - (r - 2))*-1. Let s(w) = w**3 + 3*w**2 - 3*w - 4. What is the units digit of s(a)?
5
Suppose 0 = 5*i + 2*z + 4, -5*i + z = -2*z - 6. Let f(b) = i + 10*b**2 + 6 + b**3 + 1. What is the units digit of f(-10)?
7
Suppose d = -2*s, -s + 4*s + 3*d - 3 = 0. Let f be 1*1/(s/(-5)). Suppose -20 = -f*x + 15. What is the units digit of x?
7
Suppose -m - j = -22, -2*m - j + 88 = 2*m. What is the tens digit of (-2)/3*(-8 - m)?
2
Let n be 124 + (1 - 1) + -2. Suppose -4*l + 323 - n = h, -l + 5*h = -24. What is the units digit of l?
9
Suppose -3*n + 2*l = -46, l = 7*n - 6*n - 16. What is the tens digit of n?
1
Let t(m) = 4*m**2 + 2*m + 1. Let g be t(-1). Suppose 0 = -u - 2*u - 5*z + 15, 3*u = 4*z - 12. Let f = g - u. What is the units digit of f?
3
Let c be 15/5 + 4/(-2). Suppose 5*y - 4 = c. What is the units digit of y?
1
Let j(u) = 9*u - 45. What is the tens digit of j(16)?
9
Let t(c) = -13*c + 8. Let y be t(-12). Suppose -14 = 5*f - y. What is the units digit of f?
0
Let o(p) = p**2 - 6*p. Let l be o(3). What is the units digit of (-10)/(-6) + 6/l?
1
Let d(q) = -8*q + 7. What is the tens digit of d(-4)?
3
Let g be ((-3)/(-3) - 1) + -5. Let x = g + 8. Suppose 3*h - 3*m - 30 = 0, -x*h + 15 = 2*h + 2*m. What is the units digit of h?
5
Let k = -57 + 94. What is the units digit of k?
7
Suppose -j - 18 = -7*j. What is the units digit of j?
3
Let d(k) = -k**3 - 4*k**2 + 10*k + 8. What is the units digit of d(-6)?
0
Let c be (-4)/(3/(99/(-6))). Let u be (8/(-6))/((-6)/9). Suppose -z = 3*y - 0*y + 2, 4*z = -u*y + c. What is the units digit of z?
7
Suppose 4*c = j - 5*j + 20, -5*c = -5*j - 15. Let h be 1/(-2) + 50/4. Suppose c*l = l + h. What is the units digit of l?
4
Suppose -8*p + 1336 = -4*p. What is the hundreds digit of p?
3
Suppose -3*v + 73 = -62. Suppose k = 3*u + v, -2*k - 5*u = -188 + 43. Suppose -2*f - k = -7*f. What is the tens digit of f?
1
Let b = -1 + 3. Suppose 0 = -0*c - b*c + 4. What is the units digit of c?
2
What is the units digit of (-6)/2 - (5 - 33)?
5
Suppose 3 = -l, 0*l - 105 = -i + 4*l. What is the tens digit of i?
9
Suppose i - 5 = 4*x + 26, x + 82 = 3*i. What is the units digit of i?
7
Suppose -4*p - 5*r = -3*p + 10, 5*p = r - 50. What is the units digit of (-2)/(-4) + (-45)/p?
5
Let m = 3 - 3. Let i be (1 - m) + (8 - 2). Suppose 3*l + 21 = 5*o + 4*l, o = -3*l - i. What is the units digit of o?
5
Let g(k) = -k**2 - 3*k - 7. Suppose r = -5*f - 11, 2*r + 4*f + 1 + 3 = 0. Let a(m) = -1. Let n(u) = r*a(u) - g(u). What is the units digit of n(-6)?
1
Suppose -8*t = -3*t - 145. What is the units digit of t?
9
Let j(u) = u**3 - 10*u**2 - 3*u. What is the tens digit of j(11)?
8
Suppose 10 = -5*o, 0*o - 5*o = -w - 35. Let q be 1 + -1 - w/5. Let k = q + -5. What is the units digit of k?
4
Let a be 3/(-24) + (-4)/(-32). What is the tens digit of 16/(a + 1) - 1?
1
Suppose -4*i - 4 = 0, 2*m = 4*m - 2*i - 44. Suppose m = 3*q - 9. What is the units digit of q?
0
Let x(a) = -a - 4. Let u be x(-7). Suppose -2*y - 22 = -5*c, 7*c - 4*y = u*c + 8. What is the units digit of c?
6
Suppose -3*x + 3 = -3. Suppose -x*z + 72 = z. What is the tens digit of z?
2
Let f = 10 - 12. Let q be 3/(-5)*10/f. Suppose -q*b = -0*b - 12. What is the units digit of b?
4
Let f(q) = -q**3 - q. Let v be f(-1). Suppose -v*x = -x - 16. What is the tens digit of x?
1
Let s = -24 - -35. Suppose -s = -n - 5*u - 2, 51 = 2*n - u. What is the units digit of n?
4
Let c(x) = 2*x**3 - x**2 - x - 2. Let d = -10 + 12. What is the units digit of c(d)?
8
Let n be (12/(-9))/(2/21). Let j = -23 - n. Let m = -4 - j. What is the units digit of m?
5
Suppose -n - 40 = -6*n. Let w(d) = 11 + 9*d + 2*d**3 - 3*d**3 - 1 + n*d**2 - 2. What is the units digit of w(9)?
8
Let u(k) = 4*k**2 + 10*k + 26. What is the tens digit of u(-4)?
5
Suppose 14 = 2*t - 230. What is the hundreds digit of t?
1
Let y = 33 - -2. Let i = -8 + 6. What is the units digit of y/14 + 1/i?
2
Let a = -1 - 0. Let y(o) = -15*o**3 - 11*o**2 + 20*o + 17. Let k(u) = -5*u**3 - 4*u**2 + 7*u + 6. Let n(b) = -17*k(b) + 6*y(b). What is the units digit of n(a)?
6
Let c = 2 - -3. Let t = c - 5. Suppose -o + 2 - 1 = t. What is the units digit of o?
1
Suppose -3*g + 2*g - 2*h + 167 = 0, g - 3*h = 162. Suppose -j - 257 = -5*s, 4*s - s = -3*j + g. What is the tens digit of s?
5
Let z be (4/5)/(12/(-90)). Let n be ((-1)/(-2))/(z/(-48)). Suppose -5*s - 3*a + 95 = 0, -s + 3 - 7 = -n*a. What is the units digit of s?
6
Let m(w) be the second derivative of -w**5/20 + 5*w**4/6 + w**3/6 + w**2/2 + 7*w. What is the tens digit of m(10)?
1
Suppose 2*h - 1230 = 7*h. What is the units digit of h/(-21) - (-4)/14?
2
Let b = 75 - 17. What is the units digit of b?
8
Suppose r + 0*s = s + 78, -4*r + 2*s + 320 = 0. What is the units digit of r?
2
Suppose 5*b = -y - 10, 4*y + b - 55 = -0*b. What is the units digit of y?
5
Let q(r) = r**2 + 3*r - 1. Suppose -4*w + 2*w - 8 = 0. Let j be q(w). Suppose -a + 10 = c, -3*c + 1 = -j*a + 13. What is the units digit of a?
7
Let r(s) = 6*s**2 - 3*s - 1. What is the hundreds digit of r(-4)?
1
Let v = 66 - 57. What is the units digit of v?
9
Suppose 3*v + 96 = 3*u, 3*u = u - 3*v + 54. What is the units digit of u?
0
Let q = -13 - -31. Let i be (5/15)/(2/q). Suppose i = 3*g - 18. What is the units digit of g?
7
Let g(h) = -h**2 + 6*h + 1. Let s be g(6). What is the units digit of 26/4*(1 + s)?
3
Suppose 0 = -3*w - 3*f + 21, 0 = -5*w + 5*f - 5. Suppose 3*s + 3*t - w = 2*s, -2*t + 12 = 4*s. What is the units digit of s?
3
Let l be -4 + (-4)/(-4) + 3. Let h(c) = -c**3 - c**2 + 19. What is the units digit of h(l)?
9
Let c = 39 - 4. What is the units digit of c?
5
Suppose 3*z - 23 = 37. What is the tens digit of z?
2
Let u(x) = 2*x**2 - 5*x + 5. Let p be u(2). Let h = -362 - -248. What is the tens digit of (1/(-2))/(p/h)?
1
Suppose 0 = 3*p - 4*g - 2, -3*p - 4*g = -12 + 2. Suppose -3*c - 36 = -4*k + c, -p*k = c - 9. What is the units digit of k?
6
Let j(c) = -c + 5. Let d be j(9). Let a be (-3)/(-6) + (-6)/d. Suppose -f - a = 4*o, 8 = -2*f + 5*f + 5*o. What is the units digit of f?
6
Let x(q) = 3*q**2 - 4*q + 10. What is the units digit of x(4)?
2
Let s(h) = 39*h**3 + h**2 - h + 1. What is the tens digit of s(1)?
4
Let d = 191 + -97. What is the units digit of d?
4
Suppose 0 = -k + 91 + 32. Suppose 0 = 4*b - b - k. Suppose 13 = -4*v + b. What is the units digit of v?
7
Suppose 0 = 48*a - 39*a - 2529. What is the tens digit of a?
8
Suppose 0 = -g - 0 - 6. Let x = g - -16. What is the units digit of x?
0
Let h = -192 - -323. Suppose 5*d - h = 5*c - 16, 0 = 3*d - c - 71. Suppose -2*p + d = p. What is the units digit of p?
8
Let i = -24 - -48. What is the units digit of i?
4
Suppose -5*a - 105 = -5*h, 2*a + 34 = -2*h + 8. Let o = a 